1
Evaluate -19 + (-9 - -35) + -10 + 3.
0
Evaluate -7 + (2 + 6 - -4) - (2 - -2).
1
What is 5 + (16 + -5 + -14 - -16)?
18
5 - 1 - ((-8 - 22) + 36)
-2
Evaluate -138 - -145 - ((-3 - -1) + -1 + 0).
10
What is the value of -20 + 4 + (11 - 10) + (1 - -4)?
-10
What is the value of 0 + 6 - (5 + -3 + -15)?
19
What is the value of 10 + -4 + 1 + -10 + 3?
0
Evaluate 5 - 30 - -13 - 10.
-22
Evaluate -1 + 0 + (-49 - -35) - 7.
-22
What is 6 + -5 - (8 - 6) - -14 - 3?
10
What is -16 - -19 - (-1 - -1 - 4 - -6)?
1
Evaluate -7 + (-8 - (9 - 23)) + -9 + -10.
-20
Calculate (0 - 2) + -73 + 68 + (0 - -2).
-5
What is the value of (11 - 4) + -7 + -1 - -2?
1
Calculate -13 + (-4 - (12 - 20)).
-9
What is the value of -53 + (7 - -30) + -7?
-23
(-9 - -20) + -17 + 1 + -2
-7
What is the value of -20 - (3 + (-4 - (-1 - -2))) - -5?
-13
Evaluate 8 - 3 - (-20 + -4 + 9).
20
-1 + -12 - (-11 - -6) - (-82 - -77)
-3
Evaluate 1 - -29 - (252 + -246).
24
Evaluate -5 - (-1 + 1 + -10 + (4 - 1)).
2
What is -105 + 101 + 10 + -2 + 0 + 1?
5
What is 3 + 3 + -9 + -7?
-10
What is (-7 + (-9 - -23) - 31) + 9?
-15
Calculate -4 - -1 - (-4 + (8 - 12)).
5
What is the value of -4 - (-13 - 3) - 14 - 24?
-26
Evaluate 7 + -3 + -2 + 6 + -1.
7
Evaluate (-9 - (-5 - 4)) + 3 + -2.
1
Calculate (7 - (-4 - -2)) + -3 + -5 + 3.
4
What is the value of 1 + (0 - (-19 + 21))?
-1
-13 + -18 + 4 + 33
6
(-1 - 18) + (1615 - 1587)
9
Calculate (-2 - -8) + -39 + (23 - 3).
-13
What is -2 + 20 - (3 - -3)?
12
What is the value of (-9 - -2) + 2 + (237 - 226)?
6
What is the value of (-43 - -44) + -4 + 14 + 19?
30
-5 + 10 + 6 - (17 + -6)
0
Evaluate -1 - (-15 + 21) - 6.
-13
What is -1 + 1 + 18 + (-28 - -14)?
4
Calculate 9 + (-7 - (2 - 6)) - (-106 + 114).
-2
What is the value of 6 + 4 + (-1 - 5) + (11 - 8)?
7
Calculate (-79 - -18) + 62 - (-5 - 0 - 1).
7
What is -10 + 15 + -8 + 0 + -3 + 0?
-6
What is the value of 30 + (-3 - 2) + 11?
36
-29 - ((7 + 6 - 12) + -1)
-29
What is the value of -2 + (2 - -1) - (-9 - 9 - -14)?
5
Calculate 26 - (67 + 19 + -52).
-8
Calculate (0 - -24 - (1007 + -991)) + -1 + 7.
14
Calculate -13 + (1 - 0) - -5 - 6.
-13
Evaluate -3 + -15 + 15 + -1 + 5 - -9.
10
Calculate -1 + (6 - 7) + -4 - 9.
-15
What is 11 - (-6 + 6 - 0) - 1?
10
What is the value of 13 + 10 + -15 + 3 - 1?
10
What is the value of 16 + -3 + ((1 - -4) + -4 - -2)?
16
-3 + 0 + (-19 - (-7 + -5))
-10
6 + 10 + 6 + -3 - 10
9
16 + 3 - 0 - 9
10
What is 1 + 9 + -18 - -20?
12
Evaluate 5 + -7 + 2 + 0 + -10 + 18.
8
What is the value of 32 + 6 + -37 + -35?
-34
What is -30 - (-17 - 41) - 7?
21
What is 6 + 2 - (9 - (0 - -2 - -12))?
13
15 + (-20 - (4 - 1))
-8
Evaluate (-3 - (-1 - 1) - (-72 - -67)) + -8.
-4
What is the value of 11 + -2 - (-26 - -40)?
-5
Calculate 12 - (12 - (-14 - -21) - -5).
2
What is the value of (0 - -1) + -10 + (393 - 371)?
13
Evaluate 22 - (-17 + 35) - (12 - 1) - -29.
22
What is -11 - ((58 - 89) + (1 - -4))?
15
What is -2 + -10 + (3 - -9 - 5)?
-5
Evaluate -15 + 61 + 40 + -68.
18
26 + 30 + -43 + -2 + -1
10
What is (2 - -14) + (-17 - 6)?
-7
Evaluate -2 + -4 + 16 + -4 + (0 - 35).
-29
Calculate -27 + -7 + -2 + 20.
-16
What is (-2 - (39 + 6)) + 9 + 7 + -7?
-38
(17 - 10 - 4) + 7
10
Evaluate (-5 - -1) + (-17 - 11 - -6) + 1.
-25
What is -17 + (-3 - -28) + -3 + 12 + -1?
16
Evaluate -4 + (-18 + 37 - 6).
9
What is the value of 7 + (9 - (37 + (-6 - -5)))?
-20
What is the value of -22 + -15 + -38 + 38?
-37
What is the value of (47 - 38 - 7) + 4 + -4?
2
What is the value of (-2 - (5 + -1 + -1 + 4)) + -4?
-13
What is the value of 4 - 6 - (17 + -3 + 2)?
-18
What is the value of -2 - (10 - 16 - 10)?
14
What is the value of 15 + (-20 - -11) + 0?
6
What is 2 + 11 - 2 - (-13 - (-33 + 19))?
10
What is the value of -12 + -2 + 25 + -4 + -14?
-7
What is 6 + (12 - (14 + 7))?
-3
-10 + 8 + (9 - 0 - 9)
-2
Calculate (1 - 3) + 5 - (107 - 94).
-10
Calculate -14 + (31 - (-10 - -25)).
2
What is the value of -8 + (5 - 0 - (0 - 1))?
-2
What is the value of -6 + (9 - (1 + -4 + -3 + 1))?
8
What is the value of -2 + -2 + (-4 - (6 - (1 + 1)))?
-12
(-1 - -27) + (-231 - -216)
11
Evaluate 1 + -8 + 1 - (-17 - -37 - 33).
7
Evaluate 5 + 3 + (7 - 22).
-7
Evaluate 15 - (0 - -13) - 13.
-11
What is -43 - (11 + -59) - (-1 - (1 - 0))?
7
Evaluate 20 - 34 - -44 - 10.
20
What is the value of (-3 - -3) + 4 - (3 - 1) - 14?
-12
Calculate 11 - (11 + (-9 - -13) - (9 + 1)).
6
What is the value of 1 + -6 - (-12 - (10 - 29))?
-12
Evaluate (-8 - -17) + 17 + (15 - 24).
17
What is 13 - (-12 + 26 + -4)?
3
Calculate (3 - (2 - -5)) + -27 + 10 + 1.
-20
What is (45 - (-2 - -17)) + -17?
13
What is 3 - (9 + 10 + -20)?
4
What is the value of -13 - (-13 + 2) - (0 + 1) - 17?
-20
What is the value of 9 + (10 - 49) + 21?
-9
What is (6 - 8 - (1 + 1)) + (-47 - -41)?
-10
What is 13 + 2 + 8 - (11 + -9)?
21
What is 4 - 3 - (6 + 0 - (0 - -4))?
-1
Calculate -16 + (-7 - (-15 - 10)) + -23.
-21
Evaluate 10 + -3 - (-11 - -13).
5
What is (2 + -12 + 9 - 10) + 0?
-11
What is -7 - (-4 + -5 - -21)?
-19
What is the value of (1 + -2 - 4) + -13 + (18 - 10)?
-10
0 - 3 - (1 - (10 - 9))
-3
Calculate (-1 - -5) + (8 - (4 - -3)).
5
Evaluate (-26 - -27) + (-1 - (-26 - -4)) - -3.
25
What is the value of (-4 - 2) + (2 - (10 + -3))?
-11
-1 - (541 - 541 - (-1 + 1 + -8))
-9
What is -4 - ((20 - 20) + 0 + -1 + 3)?
-6
Evaluate (-36 + 48 - -6) + -35.
-17
What is the value of 16 + -13 - (23 + -2)?
-18
Calculate -1 - 8 - (-6 + -16 + 10).
3
Evaluate 1 - -8 - (41 - -14 - 27).
-19
-3 + 4 + (14 + -14 - (-1 - -1))
1
What is the value of 2 + 8 + (2 - (-2 - -1)) + 1?
14
What is the value of (2 - (-10 - 0)) + (-390 - -389)?
11
What is -11 + 17 + -35 + 41?
12
What is (-15 - -6) + -33 + 46 - (11 + -1)?
-6
What is the value of 22 - 0 - (-142 - -165) - (-1 + -1)?
1
2 + 1 - 4 - (117 - 106)
-12
Calculate (14 + -4 - 4) + (-9 - (-7 + 4)).
0
What is -3 + (-44 - -7 - (0 - 1))?
-39
(-10 - -6) + (3 - -7) - (22 + 3)
-19
Calculate -2 + -1 - 1 - ((7 - 8) + 5).
-8
Evaluate 1 + -7 - (-4 + 2 - (-1 + -6)).
-11
What is 8 + 72 + -68 + (-2 + 0 - 7)?
3
22 + -15 + 18 + -11
14
1 + (4 - -1 - 2) + -297 + 292
-1
What is the value of -19 + (-5 - (3 + 9 + -32))?
-4
What is 8 + 0 - (0 - -3) - (14 - 0)?
-9
What is the value of 10 + 10 + 21 + -17?
24
Calculate -13 + 33 + -11 + 4.
13
What is the value of -23 - (-14 + (2 - 3)) - (-1 + -7)?
0
Calculate 3 + 1 + 10 + (-13 - -8).
9
Calculate 9 - (3 - -23) - (2 + -6).
-13
Calculate 2 - (14 + 19 + -10 - 6).
-15
What is the value of 12 - (3 - (33 - 22))?
20
7 - -20 - (2 + 0 - 0)
25
-8 + 0 - (1 + 1 - -2 - 18)
6
What is -30 - (-18 + -19) - -9?
16
What is -33 + 42 - (1 + 5) - 8?
-5
What is the value of -57 + 57 - ((47 - 5) + -6)?
-36
-27 + 15 + -3 + (-5 - -2)
-18
Calculate -15 + -6 - (-9 + 10 - 8).
-14
Evaluate -1 - (-59 - (-19 - 7)).
32
What is (1 - (3 + -6)) + 14 + -23?
-5
What is 27 + -9 + (-10 - -2) + 5?
15
(-5 - 16) + (-5 - (-7 + 13 - 8))
-24
188 + -196 - (1 + 1)
-10
What is the value of -1 + (6 - ((-7 - (-6 - 10)) + -8))?
4
(-28 + 17 + 7 - -6) + -22
-20
Calculate (14 - (-10 - -12)) + -63 + 19.
-32
Calculate (-32 - -19 - (-4 + 0)) + 6.
-3
What is 2 + 3 + (-3 - (-1 - -2))?
1
What is (-12 - (0 - -1)) + -24 + -2 + 24?
-15
Evaluate -15 - ((-5 - -1) + (6 - 23) + 17).
-11
What is the value of -2 + (20 - -4) - (-7 + 10)?
19
Evaluate 1 - 1 - 41 - (635 - 650).
-26
Calculate -47 + -8 + 88 + -8.
25
What is the value of -8 - (-2 + (-14 - -4 - 3))?
7
What is the value of -1 - 4 - (-51 + 29 - -21)?
-4
0 + 15 - (5 + 1 - (-6 + 10))
13
Evaluate 4 + -3 + -13 + (32 - 30).
-10
What is the value of -103 - -36 - (-52 - -20)?
-35
What is 6 + (8 - (5 - (-25 - -4)))?
-12
Evaluate -6 + (-1 + 5 - -1 - -5) + -2.
2
What is the value of -20 + (-33 - -40) + 1 + -3?
-15
Calculate 18 + -11 + -7 + -10.
-10
What is the value of (-42 - 0 - -1) + (-218 - -223) - -6?
-30
Calculate -11 - -1 - (-1 + (12 - -1) + -2).
-20
What is 20 + 1 + 8 + -46 + 25?
8
-2 + 1 + (3 - (-3 + 0 + -1))
6
What is the value of -4 - 1 - (18 + -31) - (3 - -1)?
4
-5 + (-13 - -4) + 6 - 3
-11
What is -8 - (1 + 1 + (-154 - -145))?
-1
What is 5 - (-12 + 11 + -9) - 40?
-25
Evaluate -11 + -3 + -11 - -1.
-24
(2 - 4) + -2 - (-18 + -10 + 10)
14
What is the value of 264 + -282 - (-1 - (2 + -1))?
-16
323 + -326 - (2 - 5 - -1)
-1
What is (3 - -5) + -25 - -3?
-14
Evaluate 22 + (-13 - -4 - 0) + 2.
15
Evaluate (-31 - -26 - (-1 - (4 - -